586273 a composite number?
True
Is 2124160141 a prime number?
False
Is 177091664021 composite?
True
Is 627866769 composite?
True
Is 44697940923 a prime number?
False
Is 689595791 a prime number?
True
Is 929119871 a prime number?
True
Is 547173061 a composite number?
False
Is 11718309829 a composite number?
True
Is 25663421111 composite?
False
Is 4237264793 a prime number?
False
Is 11137833787 a prime number?
True
Is 4661242907 a composite number?
True
Is 372714803 a composite number?
True
Is 7993326587 a composite number?
False
Is 447207403 composite?
True
Is 60341173 a composite number?
False
Is 5976927977 a prime number?
True
Is 3023800237 composite?
True
Is 1051009361 prime?
False
Is 227615828747 prime?
True
Is 23479336883 composite?
False
Is 20318146769 a composite number?
False
Is 860838791 a prime number?
False
Is 1148313902 a prime number?
False
Is 257587686659 composite?
True
Is 74620471799 prime?
True
Is 2346238699 a prime number?
False
Is 1815139811 a composite number?
False
Is 64992451 a prime number?
False
Is 36778867219 prime?
True
Is 8206050599 a composite number?
False
Is 1424015729 prime?
False
Is 712189591 prime?
True
Is 42821203577 prime?
True
Is 102541247 prime?
True
Is 26689791539 a composite number?
False
Is 3236535707 prime?
False
Is 11653864423 a composite number?
False
Is 8764802497 composite?
True
Is 1712823895 a composite number?
True
Is 1337017589 composite?
True
Is 277092509 a prime number?
True
Is 3850431829 composite?
False
Is 170416022837 prime?
True
Is 1603418371 a prime number?
False
Is 2395999349 a composite number?
True
Is 1011877819 a composite number?
True
Is 68397079 prime?
False
Is 136654151431 prime?
False
Is 34078439503 composite?
True
Is 5286844085 prime?
False
Is 1007421119 prime?
True
Is 1482058681 a composite number?
False
Is 1792478111 a prime number?
False
Is 77089736785 a composite number?
True
Is 1686715757 composite?
False
Is 2636065199 prime?
True
Is 10894350803 a prime number?
False
Is 9334853399 prime?
False
Is 10281970059 prime?
False
Is 3140971903 a composite number?
False
Is 9159720109 prime?
True
Is 12438763289 prime?
True
Is 1031684761 composite?
False
Is 413559659 a prime number?
True
Is 1996125659 prime?
False
Is 4249594859 prime?
True
Is 123280393 a composite number?
True
Is 51165738779 prime?
True
Is 10666444169 a prime number?
True
Is 39612186169 composite?
False
Is 33507799417 a prime number?
True
Is 323047931 prime?
False
Is 312392299 prime?
True
Is 85031119 composite?
False
Is 740829163 a prime number?
True
Is 685911013 composite?
False
Is 30079128283 composite?
False
Is 2625422619 a composite number?
True
Is 1184309429 prime?
True
Is 32694257 a prime number?
True
Is 1178773891 composite?
True
Is 793465567 prime?
True
Is 23175823119 composite?
True
Is 9500752883 a composite number?
False
Is 1376936039 composite?
False
Is 7265622181 a composite number?
True
Is 3757235809 composite?
True
Is 3405931687 a composite number?
False
Is 2800954649 composite?
True
Is 84507910133 composite?
False
Is 28351428869 prime?
True
Is 20098688431 a prime number?
False
Is 7122180497 composite?
False
Is 612076337 composite?
False
Is 29368757189 prime?
True
Is 758991017 prime?
True
Is 5715385661 prime?
True
Is 3167341469 composite?
False
Is 24001851743 a prime number?
False
Is 3840821003 a composite number?
False
Is 1238125537 a composite number?
True
Is 169479108619 prime?
True
Is 1701276767 composite?
False
Is 5988169727 a prime number?
True
Is 32280007559 prime?
True
Is 5487971453 composite?
True
Is 117371725811 prime?
True
Is 5711510663 a prime number?
True
Is 14017139221 a composite number?
False
Is 15139140139 composite?
False
Is 1966423757 a prime number?
True
Is 37449451123 a composite number?
True
Is 43276371133 prime?
True
Is 1633995511 composite?
True
Is 854441303 a composite number?
True
Is 10324900403 prime?
True
Is 836701973 prime?
True
Is 1733347393 prime?
False
Is 2062814029 prime?
True
Is 1502749889 a prime number?
True
Is 6537140521 composite?
False
Is 85317225911 a composite number?
True
Is 733561207 a prime number?
False
Is 7923101581 a prime number?
True
Is 7196001503 a prime number?
False
Is 29793345191 prime?
True
Is 12114798641 prime?
False
Is 1447451869 composite?
True
Is 1616095807 prime?
False
Is 110188843 prime?
False
Is 1465309663 a prime number?
False
Is 4414259103 a composite number?
True
Is 125097862697 a prime number?
True
Is 974168917 composite?
True
Is 158002670807 prime?
True
Is 15504723803 prime?
False
Is 354669571499 composite?
True
Is 207670873207 a composite number?
True
Is 97126463 prime?
False
Is 11682703181 prime?
False
Is 6454873883 a prime number?
True
Is 11182454519 a prime number?
False
Is 30833383157 composite?
True
Is 596260429 a prime number?
True
Is 26357406487 a prime number?
True
Is 36480921251 a composite number?
False
Is 46125693209 prime?
False
Is 9091354193 a prime number?
True
Is 12165491047 composite?
True
Is 927918841 composite?
True
Is 3270503521 prime?
True
Is 135134951903 a composite number?
True
Is 9871894211 composite?
True
Is 329631911 a composite number?
True
Is 199633650271 composite?
True
Is 2354584007 prime?
True
Is 51692114921 composite?
True
Is 7595121491 composite?
True
Is 45471258449 a prime number?
True
Is 2006890537 a prime number?
False
Is 157920173 a composite number?
False
Is 24418177981 a prime number?
True
Is 2277387083 composite?
False
Is 4386245937 prime?
False
Is 188600303 a composite number?
False
Is 3725819557 prime?
True
Is 11767379471 a composite number?
True
Is 1323632027 prime?
False
Is 408653591 composite?
False
Is 32161592937 a prime number?
False
Is 19539523099 a prime number?
True
Is 53109414311 composite?
False
Is 6403022117 a composite number?
False
Is 1041365341 a composite number?
False
Is 15584044849 a prime number?
True
Is 58712581051 a prime number?
True
Is 1107030947 composite?
True
Is 5811598411 prime?
False
Is 1977553151 composite?
True
Is 25762005179 a composite number?
False
Is 56699549 prime?
True
Is 8573809247 prime?
False
Is 7627114633 a composite number?
False
Is 395963207 a prime number?
True
Is 5285495615 composite?
True
Is 4359293551 a prime number?
False
Is 7104535694 a prime number?
False
Is 100377536801 a prime number?
True
Is 1211329967 composite?
False
Is 995734471 a prime number?
False
Is 2661543301 a prime number?
True
Is 205024847 composite?
False
Is 974771569 prime?
True
Is 5179302373 a prime number?
False
Is 84988685659 prime?
False
Is 914554429 a prime number?
True
Is 1425125363 a composite number?
True
Is 300524933 a prime number?
True
Is 3177634871 a prime number?
True
Is 669964531 a composite number?
False
Is 2196860611 composite?
True
Is 7907985851 a composite number?
False
Is 85068368661 prime?
False
Is 21969723383 composite?
False
Is 11502195277 a prime number?
True
Is 177301717 composite?
False
Is 26197359593 a prime number?
True
Is 2550091587 prime?
False
Is 64803667 composite?
False
Is 3876321887 composite?
True
Is 3672461201 a prime number?
False
Is 22300311893 a prime number?
True
Is 347369096683 a prime number?
False
Is 195226576891 composite?
False
Is 343923607 prime?
False
Is 2709402119 prime?
True
Is 1353660767 a prime number?
False
Is 328404491 composite?
False
Is 710630677 a composite number?
False
Is 53513783161 a composite number?
True
Is 139986629155 a prime number?
False
Is 35670148913 a prime number?
False
Is 12765469393 prime?
True
Is 247065886 a composite number?
True
Is 33064224617 a prime number?
True
Is 31624891303 a prime number?
True
Is 213013049 a prime number?
True
Is 3163244443 composite?
False
Is 5828345918 prime?
False
Is 127477391 prime?
False
Is 6684460117 a composite number?
True
Is 156366559 a composite number?
False
Is 374354857 composite?
False
Is 1181532487 a prime number?
False
Is 6762206317 composite?
False
Is 1678899043 prime?
True
Is 427370353 prime?
True
Is 177556433 a composite number?
False
Is 6599016349 a prime number?
False
Is 60964165929 composite?
True
Is 36601628689 a prime number?
True
Is 1508429497 composite?
True
Is 870503171 a composite number?
False
Is 75561853 a composite number?
True
Is 2824515557 composite?
True
Is 3557230259 a prime number?
False
Is 1216195109 prime?
True
Is 3583846317 composite?
True
Is 149018832